the prime factors of 14213442?
2, 3, 2368907
What are the prime factors of 301836?
2, 3, 25153
List the prime factors of 1762845.
3, 5, 7, 103, 163
What are the prime factors of 95183?
11, 17, 509
What are the prime factors of 1373394?
2, 3, 11, 20809
What are the prime factors of 3526259?
11, 17, 109, 173
What are the prime factors of 13926384?
2, 3, 32237
List the prime factors of 276100.
2, 5, 11, 251
What are the prime factors of 771913?
19, 40627
List the prime factors of 4132618.
2, 7, 295187
List the prime factors of 35601.
3, 11867
What are the prime factors of 106666?
2, 7, 19, 401
What are the prime factors of 9274?
2, 4637
List the prime factors of 981254.
2, 490627
List the prime factors of 11858040.
2, 3, 5, 32939
List the prime factors of 444534.
2, 3, 43, 1723
What are the prime factors of 5134?
2, 17, 151
List the prime factors of 959378.
2, 7, 17, 29, 139
What are the prime factors of 1453974?
2, 3, 242329
What are the prime factors of 723569?
7, 11, 9397
List the prime factors of 8647958.
2, 11, 67, 5867
List the prime factors of 1244281.
17, 53, 1381
List the prime factors of 16091.
16091
What are the prime factors of 9746641?
23, 61, 6947
List the prime factors of 4181604.
2, 3, 7, 67, 743
List the prime factors of 1309048.
2, 13, 41, 307
List the prime factors of 65436.
2, 3, 7, 19, 41
What are the prime factors of 32229788?
2, 29, 79, 3517
List the prime factors of 170446.
2, 85223
List the prime factors of 808594.
2, 461, 877
What are the prime factors of 915021?
3, 19, 5351
List the prime factors of 1339215.
3, 5, 19, 37, 127
What are the prime factors of 101068?
2, 11, 2297
What are the prime factors of 5376053?
151, 35603
List the prime factors of 2453051.
2453051
List the prime factors of 8398135.
5, 1679627
What are the prime factors of 21638830?
2, 5, 2163883
What are the prime factors of 2643821?
2643821
List the prime factors of 11590853.
11590853
What are the prime factors of 240629?
41, 5869
What are the prime factors of 683984?
2, 7, 31, 197
What are the prime factors of 728590?
2, 5, 72859
List the prime factors of 4365422.
2, 101, 21611
What are the prime factors of 12518742?
2, 3, 2086457
List the prime factors of 1169011.
1169011
What are the prime factors of 7646555?
5, 7, 197, 1109
List the prime factors of 280.
2, 5, 7
List the prime factors of 439361.
13, 33797
List the prime factors of 47862.
2, 3, 2659
List the prime factors of 12164392.
2, 1520549
List the prime factors of 944715.
3, 5, 62981
What are the prime factors of 2783801?
17, 163753
What are the prime factors of 162336?
2, 3, 19, 89
What are the prime factors of 2350901?
7, 335843
What are the prime factors of 30798187?
7, 503, 8747
What are the prime factors of 6933048?
2, 3, 288877
What are the prime factors of 190158?
2, 3, 41, 773
List the prime factors of 192897.
3, 21433
What are the prime factors of 1654096?
2, 67, 1543
What are the prime factors of 4409824?
2, 19, 7253
What are the prime factors of 32324842?
2, 11, 1469311
What are the prime factors of 10555559?
7, 241, 6257
What are the prime factors of 611536?
2, 37, 1033
What are the prime factors of 629668?
2, 13, 12109
List the prime factors of 275359.
7, 139, 283
What are the prime factors of 181735?
5, 19, 1913
What are the prime factors of 14336954?
2, 7168477
What are the prime factors of 980526?
2, 3, 17, 9613
List the prime factors of 1468926.
2, 3, 79, 1033
List the prime factors of 80591.
7, 29, 397
What are the prime factors of 545833?
41, 13313
What are the prime factors of 437776?
2, 27361
List the prime factors of 186919.
41, 47, 97
List the prime factors of 617262.
2, 3, 102877
List the prime factors of 12845.
5, 7, 367
List the prime factors of 279899.
31, 9029
List the prime factors of 12582.
2, 3, 233
What are the prime factors of 1846?
2, 13, 71
What are the prime factors of 1440282?
2, 3, 240047
What are the prime factors of 1631629?
1631629
What are the prime factors of 9796126?
2, 1453, 3371
What are the prime factors of 6289815?
3, 5, 7, 37, 1619
List the prime factors of 575105.
5, 115021
What are the prime factors of 422098?
2, 211049
List the prime factors of 26160419.
41, 638059
List the prime factors of 1398020.
2, 5, 13, 19, 283
List the prime factors of 5820945.
3, 5, 13, 29851
What are the prime factors of 292865?
5, 58573
List the prime factors of 2899755.
3, 5, 64439
What are the prime factors of 325548?
2, 3, 9043
List the prime factors of 660429.
3, 7, 11, 953
What are the prime factors of 5828396?
2, 7, 41, 5077
What are the prime factors of 663766?
2, 331883
List the prime factors of 9096463.
1777, 5119
List the prime factors of 404390.
2, 5, 7, 53, 109
List the prime factors of 172028.
2, 29, 1483
List the prime factors of 59545.
5, 11909
List the prime factors of 325968.
2, 3, 6791
List the prime factors of 825460.
2, 5, 149, 277
List the prime factors of 27028610.
2, 5, 7, 101, 3823
What are the prime factors of 459534?
2, 3, 19, 29, 139
List the prime factors of 1001332.
2, 167, 1499
List the prime factors of 3996636.
2, 3, 7, 971
List the prime factors of 843321.
3, 47, 5981
What are the prime factors of 1559230?
2, 5, 41, 3803
List the prime factors of 306083.
306083
What are the prime factors of 386459?
223, 1733
List the prime factors of 1436685.
3, 5, 19, 71
What are the prime factors of 15239643?
3, 443, 11467
What are the prime factors of 44997?
3, 53, 283
List the prime factors of 1909625.
5, 15277
What are the prime factors of 9392?
2, 587
What are the prime factors of 73078?
2, 61, 599
What are the prime factors of 18465423?
3, 73, 84317
What are the prime factors of 207124?
2, 53, 977
What are the prime factors of 908649?
3, 7, 14423
List the prime factors of 246302.
2, 7, 73, 241
List the prime factors of 645338.
2, 322669
What are the prime factors of 398674?
2, 199337
What are the prime factors of 9260632?
2, 1157579
List the prime factors of 3954768.
2, 3, 47, 1753
What are the prime factors of 585306?
2, 3, 3613
What are the prime factors of 221233?
221233
What are the prime factors of 33108484?
2, 41, 201881
List the prime factors of 5840053.
199, 29347
What are the prime factors of 51086?
2, 7, 41, 89
List the prime factors of 1335232.
2, 31, 673
What are the prime factors of 1387143?
3, 154127
List the prime factors of 2474650.
2, 5, 43, 1151
What are the prime factors of 2275572?
2, 3, 13, 29, 503
What are the prime factors of 897526?
2, 7, 64109
List the prime factors of 11488871.
1453, 7907
List the prime factors of 36453242.
2, 7, 1277, 2039
What are the prime factors of 651916?
2, 17, 9587
What are the prime factors of 628523?
7, 101, 127
List the prime factors of 354193.
7, 50599
List the prime factors of 341460.
2, 3, 5, 7, 271
What are the prime factors of 259281?
3, 11, 97
List the prime factors of 885262.
2, 7, 37, 1709
What are the prime factors of 20311632?
2, 3, 11, 12823
What are the prime factors of 251692?
2, 7, 89, 101
List the prime factors of 423076.
2, 105769
What are the prime factors of 1397064?
2, 3, 58211
List the prime factors of 28850398.
2, 19, 31, 1289
What are the prime factors of 123220?
2, 5, 61, 101
What are the prime factors of 1105059?
3, 19, 19387
What are the prime factors of 47574?
2, 3, 881
What are the prime factors of 1135759?
43, 61, 433
What are the prime factors of 55990?
2, 5, 11, 509
What are the prime factors of 1854400?
2, 5, 19, 61
List the prime factors of 2364040.
2, 5, 7, 8443
List the prime factors of 1636821.
3, 60623
List the prime factors of 1813444.
2, 37, 12253
What are the prime factors of 29204888?
2, 751, 4861
What are the prime factors of 4949927?
107, 46261
List the prime factors of 72325.
5, 11, 263
What are the prime factors of 94280?
2, 5, 2357
What are the prime factors of 9538273?
739, 12907
What are the prime factors of 21443870?
2, 5, 7, 107, 409
What are the prime factors of 28819621?
23, 1253027
What are the prime factors of 2481009?
3, 59, 107, 131
List the prime factors of 36611492.
2, 23, 397951
What are the prime factors of 3883957?
7, 11, 50441
List the prime factors of 187843.
187843
What are the prime factors of 16286108?
2, 4071527
What are the prime factors of 18010230?
2, 3, 5, 7, 139, 617
What are the prime factors of 893400?
2, 3, 5, 